)/3)/(-6 + (-744)/(-126)). Let t(k) = n*z(k) + 3*l(k). What are the prime factors of t(9)?
5, 19
Let o(a) = -a**2 + 10*a + 1. Suppose 0*p + 30 = 3*g + p, -3*g + 15 = -4*p. Let d be o(g). Suppose -44 + d = -k. List the prime factors of k.
2, 17
Suppose 2*b - 5*v = 0, 4*b = -b + 5*v. Let n(l) be the second derivative of -l**4/12 + l**3/6 + 25*l**2/2 - 8*l. List the prime factors of n(b).
5
Let i = -17267 - -30024. What are the prime factors of i?
12757
Suppose w = 3*u - 59995, -19 + 29 = 2*w. What are the prime factors of u?
2, 5
Let c(q) = 1149*q**3 + 5*q**2 - 32*q + 104. What are the prime factors of c(3)?
2, 17, 457
Let o(b) = -158*b - 1. Let a be o(5). Let u be (-2 + 3)/(7/a). Let t = u + 181. What are the prime factors of t?
2, 17
Let s(l) = -l**2 - 3*l + 5. Let b be s(-4). Let i(r) = 258*r**2 + 3*r. Let k be i(b). Suppose 0 = -2*a + k + 67. List the prime factors of a.
2, 41
Let c(p) be the second derivative of -3*p**4/8 - 2*p**3 + 15*p**2/2 + 7*p. Let t(n) be the first derivative of c(n). What are the prime factors of t(-10)?
2, 3, 13
Suppose 3*c + 4*f + 0 = 22, -5*c - 4*f = -26. Suppose -2*o = -2*h + 352, -5*h + 4*o - c*o + 892 = 0. What are the prime factors of h?
2, 3, 5
Let d = 1 + -1. Let f(o) = 140*o - 1420. Let k be f(15). Suppose 11*l - 354 - k = d. What are the prime factors of l?
2, 47
What are the prime factors of (1 - 0) + (-8 - 4) + 17 + 6815?
19, 359
Let n(u) = 11*u**3 - 5*u**2 + u - 8. Let d(c) = 13*c**3 - 6*c**2 + c - 7. Let i(x) = -5*d(x) + 6*n(x). List the prime factors of i(8).
3, 13
Suppose 37*r = -10*r + 94. Suppose 0 = -z + r*s + 1454, 3*s + 7292 = 5*z + 4*s. List the prime factors of z.
2, 3
Suppose 2*g = 3*l + 13, -1 = -2*l + 4*g + 1. What are the prime factors of 56*(1 - 49/l)?
2, 7
Let z(w) = 7*w**3 + 5*w**2 + 17*w - 32. Let r be z(6). Let o = r + -1180. What are the prime factors of o?
2, 3, 97
Suppose 5*j + 9 = 44. Let a be -16 + 40 - (-84)/(-4). Suppose -t = c - 45, -j*t - a*c + 90 = -5*t. What are the prime factors of t?
3, 5
Let c be 632*-1 + -28 + 25. Let y = c + 2346. What are the prime factors of y?
29, 59
Let k = 12010 + -6095. List the prime factors of k.
5, 7, 13
Let i(k) = 2*k**3 - 6*k**2 + 3*k + 10. Let b = 44 + -38. What are the prime factors of i(b)?
2, 61
Let c(o) = 3*o - 5. Let l be c(3). Suppose -a + 3*b = -2*a + 14, 37 = 5*a + l*b. Suppose 15*x - a*x - 230 = 0. What are the prime factors of x?
23
Let k be 1*(4/12 - (-51)/9). Suppose k*t = -5*h + 3*t + 3796, t - 3034 = -4*h. What are the prime factors of h?
2, 379
Suppose -2*p + 562 = -4*q, 2*p + 1137 = 6*p + 5*q. Suppose -v + 485 = 5*a, 0*a - v = -3*a + p. Suppose a = -43*j + 46*j. What are the prime factors of j?
2
Let s be ((-15)/12 - 9/(-36))*-148. Let f = s + 234. What are the prime factors of f?
2, 191
Suppose 4*l = z - 3554, 4*l - 50183 + 7691 = -12*z. List the prime factors of z.
2, 7, 11, 23
Let x(k) = -47*k - 25. Let c = -105 - -96. List the prime factors of x(c).
2, 199
Suppose 5*i = -3*y + 54423, 3*i - 15226 = -3*y + 17429. List the prime factors of i.
2, 3, 907
Suppose 3*g - 10 = -4. Suppose -o + 136 = g*b - 36, -2*o = -b + 76. What are the prime factors of b?
2, 3, 7
Let i(s) = -35*s - 5. Let v be i(-1). Suppose -8*b - 6 = -v. Suppose 3*x = b*z + 276, 0*z = -5*x + 2*z + 475. List the prime factors of x.
97
Let n(s) = -4*s - 2. Let i be n(-4). Suppose 0 = 3*a - 5*d - 26, -2*d + 0*d = -3*a + i. Suppose 46 = a*j - 66. What are the prime factors of j?
2, 7
Suppose -5*i - 2*w - 3*w = -20, 12 = 5*i + 3*w. Suppose i = -54*j + 48*j + 4560. List the prime factors of j.
2, 5, 19
Let z(x) = 19*x**2 - 36*x + 2. Let q be z(2). Suppose 7*i - 7436 = -q*i. List the prime factors of i.
2, 11, 13
Let v(q) = 5*q**2 + 13*q - 8 + 23*q - 13*q. Let n be v(9). Suppose -n = -6*l - 40. List the prime factors of l.
2, 47
Let n(x) = -x**2 - 31*x + 146. Suppose -4*c = 55 + 73. List the prime factors of n(c).
2, 3, 19
What are the prime factors of 6/((-687)/6237 - (-7)/63)?
3, 7, 11
Let z(x) = -x**3 + 16*x**2 + 58. What are the prime factors of z(-18)?
2, 7, 113
Let t = -92 - -79. Let i(f) = -f**3 - 10*f**2 + 12*f - 29. What are the prime factors of i(t)?
2, 7, 23
Let f be (-60)/(-25) + 15/25. Suppose -2*u = f + 27. List the prime factors of 356/(-10)*u/6.
89
Let r(x) = -37 + 37 - 4*x. Let p be r(-4). What are the prime factors of 756/p + 4/(-16)?
47
Let b be (-39)/(-21) + 0 - (-2)/14. Let f be ((-32)/6)/(8/(-36)). Suppose -3 = 2*g - 3*u, -4*u = -b*g + 6*g - f. What are the prime factors of g?
3
Let h be (-88)/2*(-5 - 50/(-8)). Let l = 55 + h. Suppose l = -9*b + b + 312. List the prime factors of b.
3, 13
Let a be ((-8)/18)/(-2) + (-97)/(-9). Let u(z) = 49*z - 124. What are the prime factors of u(a)?
5, 83
Let v be ((-121)/(-2))/((-9)/(-18)). Suppose v = 2*g - 415. What are the prime factors of g?
2, 67
Suppose -24*n + 49*n + 41*n - 349074 = 0. What are the prime factors of n?
3, 41, 43
Let k be (-7200)/(-56) - 9 - 8/14. Let o = 78 + -153. Let g = o + k. List the prime factors of g.
2, 11
Let f(v) = -v**2 + 12*v + 7. Let b be f(11). Suppose 0 = -b*c + 24*c + 1200. Let x = c + 370. List the prime factors of x.
2, 5, 17
Let l be (-68 + 3070)*1*(-2)/(-4). Let m = -1069 + l. Suppose 5*t - 128 = -2*u + 85, m = 4*u + 4*t. What are the prime factors of u?
109
Let c be (-9)/(-2) - (-1)/2. Suppose -765 = c*f + 85. Let g = f - -300. List the prime factors of g.
2, 5, 13
Let q = 15 + -14. Suppose -5 = 5*t, -t - q = n + 4. What are the prime factors of -4 + n + 32/1?
2, 3
Let v(b) be the third derivative of -b**5/30 + 31*b**4/24 + 43*b**3/6 + 140*b**2. What are the prime factors of v(7)?
2, 3
Let v be 216/(-189)*(-14)/4. Suppose v*l = 12*l - 2616. What are the prime factors of l?
3, 109
Let j = -366 + 235. Suppose -s + 4*p + 216 = 0, -4*p - 616 = s - 4*s. Let k = j + s. List the prime factors of k.
3, 23
Suppose 27*d - 1290 - 118239 = 0. What are the prime factors of d?
19, 233
Let h(z) = -119*z - 9. Let p(q) = -599*q - 46. Let d(b) = 11*h(b) - 2*p(b). List the prime factors of d(-6).
659
Let z = -37804 + 66833. What are the prime factors of z?
7, 11, 13, 29
Suppose -300*q + 680083 + 2937492 + 2698625 = 0. List the prime factors of q.
2, 3, 11, 29
Suppose 0 = -2*s - 2*s - 2*f - 28, -4*s = f + 26. Let a be ((-2)/s)/(9/54). Suppose 2*h - 5*u = -2*h + 591, 0 = -a*h + u + 303. List the prime factors of h.
2, 7, 11
Suppose 12 = -0*r + 4*r. Let g be -1 + r*2/(-6). What are the prime factors of g/(-3) + -5 + 800/6?
3, 43
Let h(x) = 2*x**2 + 12*x - 14. Let t(i) = i + 19. Let d be t(-6). Let y be h(d). Suppose 5*a - y = -5*f, -4*a + 4*f = -392 - 0. List the prime factors of a.
97
Suppose -52 = -7*c - 87. Let n = 116 - c. What are the prime factors of n?
11
Let m be (-1 + -2)*(-4)/4*1. Suppose -t + 25 + m = 0. Suppose -z = 5*c - 51, -3*z - t = -c - 101. What are the prime factors of z?
2, 13
Suppose 3*i = 1214 - 254. List the prime factors of ((-4)/(i/5264))/(1/(-5)).
7, 47
Let s = -44 - -50. Let i be (-1)/(-4) + 30*s/48. Suppose -3*v = 2*z - 0*v - 19, 0 = i*z - 5*v - 5. What are the prime factors of z?
5
Let r = -11 + 6. Let y(p) be the third derivative of p**5/10 + p**4/24 + p**3/3 - 34*p**2 - 4. List the prime factors of y(r).
3, 7
Let a(p) = -p**3 - 11*p**2 - 11*p - 3. Let k be a(-10). Let b be (-3)/(-2) + k/(-14). What are the prime factors of b + (-177)/(-4) + (-6)/(-8)?
2, 23
Suppose 19*w + 1586 = 6393. Let j = -27 + w. List the prime factors of j.
2, 113
Let p(v) = -29*v + 25. Suppose 236 = -3*n + 224. What are the prime factors of p(n)?
3, 47
Let c(u) be the second derivative of -152*u**3/3 + 2*u**2 + 45*u. What are the prime factors of c(-1)?
2, 7, 11
Suppose -a + 7*a = 25290. Let m = -2495 + a. List the prime factors of m/(-30)*(-1)/2*9.
2, 3, 43
Let s = -18 + 29. Suppose -45*d = -47*d + 4. Suppose -d*g = -s*g + 396. List the prime factors of g.
2, 11
Let g = 142 + -151. What are the prime factors of (132/g)/(0 + (-10)/645)?
2, 11, 43
Suppose -5*j + 42786 + 140111 = -6*n, 0 = 3*j + 3*n - 109791. List the prime factors of j.
7, 5227
Let c(n) = 309*n - 41. What are the prime factors of c(5)?
2, 47
Let l(u) = 727*u - 3948. List the prime factors of l(38).
2, 11839
Suppose 38*q - 27*q = 4851. Let n = q + 648. List the prime factors of n.
3, 11
Let o(b) = 11*b + 1. Let w 